2. Suppose 2*p - 26*i + 28*i = -18, -5*p - 51 = 3*i. What is o(p)?
10
Let p(q) = -11*q. Suppose -5*a = 2*n - 16, 2*a + 2*n = -4 + 14. Suppose -5*x = -2*i - 2, -x + a*i - 1 = 5. What is p(x)?
-22
Let y(g) = g + 9*g**2 + 453 + 12*g**2 - 454. What is y(1)?
21
Let o be -1*4/2 + 23. Let u = 24 - o. Let h(n) = -n**3 + 3*n**2 - 2*n - 1. Give h(u).
-7
Let t(j) be the third derivative of -j**4/4 + 5*j**2 - 5*j. Give t(-4).
24
Let w = 3 - -4. Let c(f) = 206*f**3 - 95*f**3 - 6 - 7*f**2 - 110*f**3. Give c(w).
-6
Suppose -r - 11 - 10 = 5*b, -b - 17 = -3*r. Suppose -18 = -i + r*i. Let u(n) = -3*n + 12. Let h(j) = 5*j - 20. Let z(s) = 2*h(s) + 3*u(s). Determine z(i).
-10
Let c(j) = -2*j**2 + 3*j + 3*j**2 - 14565*j**3 + 14558*j**3 - 4*j + 1. Let s(p) = p**3 + 3*p**2 + 2*p + 1. Let n be s(-1). What is c(n)?
-6
Suppose -c = -3*f - f - 57, -3*c + 3*f + 171 = 0. Let w = 55 - c. Let v(r) = r + 4. Calculate v(w).
2
Let u(w) = w**3 + 14*w**2 - w + 15. Let k be u(-11). Let l(x) = k*x**2 + 5 - 197*x**2 - 193*x**2. Determine l(-4).
-11
Let f = 52 + -41. Suppose -f = -5*r - 16. Let v(a) = 4*a. Give v(r).
-4
Let o(y) = -y**3 + 8*y**2 + 8*y + 5. Let h = 49 - 44. Suppose -2*l = h*k - 28, -3*l - k + 3*k + 23 = 0. Give o(l).
-4
Let k(d) be the first derivative of -d**4/4 + 10*d**3/3 - 5*d**2/2 - 10*d - 275. What is k(9)?
26
Let r(p) = 4*p + 2. Suppose -9*m + 54 - 36 = 0. What is r(m)?
10
Let d(j) be the third derivative of -1/60*j**5 + 0*j - 7/6*j**3 + 7*j**2 + 7/24*j**4 + 0. Determine d(5).
3
Suppose 3*b + 205 - 178 = 0. Let y(x) = -2*x**2 + 10*x + 16. Let c(r) = 5*r**2 - 30*r - 47. Let m(i) = -3*c(i) - 8*y(i). What is m(b)?
4
Let a(y) = -y**3 + 7 - y**2 - 9 + 8. Let c = -226 - -226. Determine a(c).
6
Suppose -5*u + 1 = -14. Suppose -j - 2*j + u = 0. Let o(z) be the second derivative of -7*z**5/10 + z**3/6 + 10*z. Give o(j).
-13
Let q(n) = -46 + 7*n + 44 - 4*n - 3*n - 6*n**2. Determine q(1).
-8
Let q(r) = -86209*r**2 + 86209*r**2 - r**3 + 11 + 1. Calculate q(0).
12
Let y = -4 - -4. Let t be 8 - (2/2 + 2). Suppose y = t*h - 4 - 6. Let a(v) = v - 2. Calculate a(h).
0
Suppose 0*m + m = 0. Suppose -6*g + 8*g = m. Let w(y) = y - 7. What is w(g)?
-7
Let m(t) = t**2 + 4*t + 1. Suppose 0 = -5*l + 42 - 17. Suppose -l*z + 20 = -j, -3 = -0*z - z. What is m(j)?
6
Let n(m) = -7*m**3 + 8*m**2 - 2*m + 4. Suppose 20 = 6*f - 10*f. Let w(t) = -6*t**3 + 7*t**2 - 2*t + 3. Let d(r) = f*n(r) + 6*w(r). What is d(2)?
-6
Let r(h) be the third derivative of h**6/120 + h**5/10 + h**4/8 - 7*h**3/6 - 4*h**2. Suppose -46 = 11*q + 9. What is r(q)?
3
Let w(j) = -4*j - 30. Let k be w(-7). Let q(r) = -6*r - 4. Determine q(k).
8
Let t(b) be the second derivative of b**4/12 - b**3/3 - b**2/2 + 5*b. Let l be t(3). Suppose 0 = -l*c - 3*c + 10. Let d(s) = -s**2 - 1. Determine d(c).
-5
Let n be (-1 - 1)*18/(-12). Suppose b = 6*b - 4*s - n, -9 = -2*b - s. Let g(u) = u - b*u - u**3 - 4*u**2 + 2*u. What is g(-4)?
0
Let j(v) be the second derivative of v**3/3 + v**2/2 + v. Let s(p) = 12 - 3 - 6 - 9 + 5. Let f(a) = -j(a) + 2*s(a). Give f(-3).
3
Suppose -5*y + p = -12, -3*p - 10 = -4*y + 4. Let x(k) = k**3 - 3*k**2 + k - 2. What is x(y)?
-4
Suppose 20 + 54 = 2*q. Suppose 33*y = q*y - 24. Let t(o) = -7*o + 4 + o + o**3 + 0*o**3 - 5*o**2. Calculate t(y).
4
Suppose -4*o = 3*k + 6, 4*k = 2921*o - 2926*o - 8. Let r(p) be the third derivative of -p**6/120 - p**5/30 + p**3/6 + p**2. Calculate r(k).
1
Suppose 0 = -8*g + 22*g + 28. Let z(f) = -3*f. Determine z(g).
6
Let i be (3/(-2))/(48/(-32)). Let c(h) = i - 2*h - 3*h**2 - 2 + 3. Let n be 0 + -4 - (0 + -2). Give c(n).
-6
Let x be (9/18)/((-2)/(-48)). Let a be ((-3)/(-12))/(3/x). Suppose -a + 7 = -i. Let v(b) = 3*b + 7. What is v(i)?
-11
Let y(m) = 23*m + 567. Let a be y(-25). Let q(v) = -5*v - 45. Calculate q(a).
-5
Let c(m) = 8*m**3 + 3*m**2 - 13*m - 17. Let f(h) = 7*h**3 + 4*h**2 - 11*h - 16. Let q(i) = -6*c(i) + 7*f(i). Give q(-10).
-20
Let i(y) = -5 - 2 + 6 + 9*y - 2. Give i(-3).
-30
Let j(q) = 9*q**3 + 3*q**2 - 12*q + 7. Let o(b) = -4*b**3 - 2*b**2 + 6*b - 3. Let v(s) = -3*j(s) - 7*o(s). Calculate v(-6).
0
Suppose 2*j = d + 5, d - 5*j - 62 = -82. Let b(t) = 3*t + 10. What is b(d)?
25
Let s(v) = v - 5. Let j(t) = -t**3 - 19*t**2 - 16*t + 26. Let h be j(-18). Let p be 4/h - 342/(-30). What is s(p)?
6
Let j(f) = 16*f**3 - 22*f**2 - 6*f + 6. Let a(q) = -5*q**3 + 7*q**2 + 2*q - 2. Let v(b) = 10*a(b) + 3*j(b). Calculate v(3).
-14
Let b = 0 + 0. Suppose 0*j + 2*j - 6 = 0. Let m(y) = -y**2 - j*y**2 + 8 + y**2 + y + y**3 + 4*y**2. Determine m(b).
8
Let f(u) be the second derivative of u**2 - 1 + 18*u + 1/6*u**3. Give f(3).
5
Suppose -2 = 4*v - 10. Let p(k) = -k. Let i(o) = 3*o + 1. Let m(d) = v*p(d) - i(d). Calculate m(2).
-11
Let y(x) be the first derivative of -x**2/2 - 2*x - 206. What is y(6)?
-8
Let j(t) = -t**2 + 15*t + 34. Let g be j(17). Let z(f) be the first derivative of -f**3/3 - f**2/2 - 24*f - 2. Determine z(g).
-24
Suppose 5*u - 32 = -11*u. Let a(m) = -m**3 + 2*m**2 - 2*m - 2. Calculate a(u).
-6
Let a(h) be the second derivative of h**3/6 - 4*h**2 + 2*h - 36. Give a(4).
-4
Let z = 1102/825 - 2/825. Let x(m) be the third derivative of 0 + 10*m**2 + 1/12*m**4 + 0*m + z*m**3. Determine x(-7).
-6
Let i(q) = q**2 - 5*q + 10. Suppose 599*y - 14 = 597*y. Give i(y).
24
Let d(j) = -23 - 2*j**3 + 22 + j**3 + 2*j**2. Suppose 3*k = s + 2 + 3, -2*s = -3*k - 5. Suppose -6*q + s = -q. Calculate d(q).
-1
Let t(c) = -3*c**2 + 16*c - 2. Let h(i) = i**2 - i + 1. Let x(a) = 4*h(a) + t(a). Let g be ((-297)/(-33))/((9/(-4))/3). Calculate x(g).
2
Let p(i) = i + 4. Suppose -5*q = -2*y - 15, 2*q + 14 = 5*y + 62. Let u be ((-4)/(-8))/(1/y). Let h(l) = -l - 8. Let z(o) = u*p(o) - 3*h(o). Calculate z(6).
-8
Let z(y) be the second derivative of -2*y**3/3 + y**2/2 - y. Let c be (3/1 + -4)/(-1). Let p = 2 - c. What is z(p)?
-3
Let a(o) = o. Suppose 0 = -0*y - 4*y - 4*f - 164, 81 = -2*y - 3*f. Let c = 44 + y. Determine a(c).
2
Suppose -107 = 5*o - k - 17, -3*o + 2*k - 47 = 0. Let h = -16 - o. Suppose -t + 3 = -h. Let w(s) = -s**2 + 6*s + 8. Give w(t).
8
Let f(g) = -g + 2. Let o be f(-2). Suppose o*p = -0*n - 4*n + 28, -4*n = 0. Let y(l) = -4*l + 5*l - p + 8. What is y(-5)?
-4
Let v(t) = t + 4. Let x = 24 + -24. Suppose x = 2*m + 8*m + 50. What is v(m)?
-1
Let x(w) = -w**3 - 22*w**2 + 2*w + 39. Let o be -10*(77/35 + 0). What is x(o)?
-5
Let f(q) = -q**3 + 4*q**2 + 3*q + 4. Let w be (1 - 33) + (1 - 1). Let n = w + 37. What is f(n)?
-6
Let j = -6/391 + 751/23460. Let s(y) be the third derivative of 3*y**2 - 5/24*y**4 - j*y**5 + 0*y + 0 - y**3. Determine s(-4).
-2
Let u = -2074 - -2074. Let d(j) = 2*j. Determine d(u).
0
Suppose 3*h - 2*s + 5*s = -36, 0 = 2*h - 5*s + 3. Let m be (h - -11) + (1 - 1). Let f(q) = -3*q - 1. Calculate f(m).
-7
Let q(y) = 2*y**2 - 5*y + 5. Let g be q(4). Let u(x) = -8 - 7*x - 5 - x**2 + g. Determine u(-6).
10
Let t(c) = -c - 2. Suppose -30*p = -24*p + 6. Determine t(p).
-1
Let y(t) be the first derivative of 2*t**2 + 28*t - 222. Determine y(-5).
8
Suppose -2*j - 12 = -3*r, -3 = -3*r - 5*j + 9. Let b(a) = r - 4 - 5 + a + 4. Calculate b(7).
6
Let a(h) = 4*h**2 - h**3 - 6*h - 1 + 2*h + 0*h**2. Let c = -23 - -41. Suppose -c + 6 = -4*l. Calculate a(l).
-4
Suppose -z + 4 = z + d, 0 = 3*d + 6. Suppose 2 = -z*k + 17. Suppose 5*f + 0*f = -k. Let w(o) = 8*o + 1. Determine w(f).
-7
Let c = 16 + -38. Let r = -17 - c. Suppose -2*g + 3*u = -9, -2*u - 12 = r*g + 13. Let t(f) = f**3 + 4*f**2 - 2*f - 2. What is t(g)?
13
Let c(o) = o**2 - 2*o + 3. Suppose -2*r + u + 7 = 0, 3 + 4 = 4*r + 5*u. Determine c(r).
6
Let q be 1 + 2*(-6)/4. Let r = 628 - 627. Let b(g) = -g. Let v(c) = c**2 + 5*c + 4. Let w(f) = q*b(f) + r*v(f). Determine w(-3).
-8
Let w(j) = -j**3 + 4*j**2 + 4*j. Suppose 8*z - 2 - 38 = 0. Determine w(z).
-5
Let t(z) = -z + 3. Let q = 22 - 24. Let g be ((-76)/(-133))/(q/(-7)). Give t(g).
1
Let d(p) = p**2 - 8*p + 16. Let t(w) = 2*w**3 - 17*w**2 + 19*w + 19. Let u be t(7). Determine d(u).
1
Let x = 3 + -1. Let y = -4 - -15. Let s(f) = -2 + y*f - 21*f + 13*f. What is s(x)?
4
Suppose 0*b - 1 = b, -2*g - b = -27. Let h = 4 - g. Let j be h/(3 + -4 + -1). Let u(o) = o - 7. Determine u(j).
-2
Let v(c) = -3 + 11*c + 5*c**2 - 2*c**2 + c**2 - 5*c**2 + 20. Calculate v(12).
5
Suppose 4 = -79*f